is the greatest common factor of z and 240?
80
Let v(o) = -o**2 - 6*o + 7. Let i be v(4). Let t = i - -41. What is the greatest common factor of t and 40?
8
Let d(u) = 3*u + u - 5*u + 8 - 1. Let k be d(5). Let l be (k - 6*-4) + -3. What is the highest common factor of l and 207?
23
Let c = 359 - 12. Suppose k - 2*a = c, 733 = 3*k - a - 318. What is the highest common divisor of k and 39?
39
Suppose -x + 10 = 4*l, -l + 36 = 4*x - 79. Calculate the highest common divisor of x and 6.
6
Let u(j) = -5*j - 41. Let d be u(-10). Suppose -5*w - d = q, -4*w + 6 = 5*q - 3*q. Calculate the highest common divisor of q and 22.
11
Suppose 0 = 2139*u - 2149*u + 7910. Calculate the greatest common divisor of u and 7.
7
Let y(z) = -z**2 - 17*z + 54. Let l be y(-16). What is the greatest common factor of l and 80?
10
Suppose 0 = -35*g + 3572 + 13963. Calculate the highest common factor of g and 3.
3
Let d be (((-10)/5)/(-2))/(5/65). What is the highest common factor of 2 and d?
1
Let f(j) = 96*j**3 + j**2 - 4*j + 4. Let c be f(1). Calculate the greatest common factor of 776 and c.
97
Let k be (23/(-5))/(7*14/(-490)). What is the greatest common divisor of 7 and k?
1
Let k be ((2 + -4)*-5)/2. Suppose -l + 54 = k*l. Calculate the highest common factor of l and 27.
9
Let w be 5/15 - (-4)/6. Let q be -4 + 6 - -5 - 1*4. Calculate the highest common divisor of w and q.
1
Let q(t) = -t**3 - 4*t**2 - 4*t - 2. Let k be q(-3). Suppose 2*d = 7*d + 665. Let a be (-2)/4 - d/38. Calculate the greatest common divisor of k and a.
1
Let s be 0 - (-36 + (-4)/(-1)). Let o be 4/(0 + (-1)/(-4)). Calculate the greatest common divisor of o and s.
16
Suppose 0 = -8*d + 1756 + 2132. Calculate the highest common divisor of d and 6.
6
Suppose 68*m = 37*m + 7750. What is the highest common factor of 30 and m?
10
Suppose 4*z - 67 = 3*x, 3*z - 4*z + 5*x = -4. Let m = 37 - z. What is the greatest common factor of m and 126?
18
Let t(v) = -22*v - 18. Let o be t(-2). Suppose -104 = -3*u - u. Calculate the highest common divisor of u and o.
26
Suppose 5*r + 2*d = 58, 3*r - 2*r = 5*d + 17. Let w(n) = n + 9. Let p be w(-2). Suppose 259 + 77 = p*m. Calculate the highest common factor of r and m.
12
Suppose 8*v = 25 - 9. What is the greatest common factor of 8 and v?
2
Suppose 0 = 3*d - 4 - 5. Suppose 5*u - d*h = 74, u - 8 = -0*u + 4*h. What is the highest common divisor of u and 96?
16
Suppose -4*q + 44 = -d - 0*d, -d = 4. Calculate the greatest common divisor of q and 170.
10
Suppose 41 = -3*n + 278. What is the greatest common divisor of 869 and n?
79
Let y = 102 + -65. Let c = 131 - 66. Let v = c - y. What is the highest common factor of 70 and v?
14
Let l = 152 - 102. Let p = 264 - 139. What is the highest common divisor of p and l?
25
Suppose h - 52 = -12*h. Calculate the greatest common divisor of h and 12.
4
Let r be (-67)/(-4) - (-2)/8. Suppose -c = 3*t - 65, -4*t + 3*c + 56 + 9 = 0. Suppose -575 - t = -5*s. Calculate the greatest common factor of s and r.
17
Suppose -2*n - 189 = 4*y - 15, -5*n = y + 66. Let p = -26 - y. What is the greatest common divisor of p and 40?
5
Let t(x) = 23*x**2 - 3*x + 1. Let l be t(1). Calculate the highest common divisor of 21 and l.
21
Let i = 14 - 11. Let p(u) = u**3 - u**2 - 4*u - 1. Let m be p(i). Let j be (-21 - -1)/(m + -7). Calculate the greatest common factor of j and 30.
10
Let i(c) = -4*c**2 - 10*c - 16. Let b be i(-7). Let n = 145 + b. Calculate the highest common divisor of 33 and n.
3
Let h = 308 + -298. What is the greatest common factor of 240 and h?
10
Suppose -4*t + 350 = t. What is the highest common factor of t and 56?
14
Suppose -480 = -a - 4*o, 0 = 3*a + 5*o - 1869 + 422. What is the greatest common divisor of a and 396?
44
Suppose -n - 15 = -d, -d - 2*n = -0*n - 21. Calculate the greatest common divisor of 17 and d.
17
Suppose 2*t = 5*t - 396. Suppose y = 2 - 0. Let i(a) = 7*a - 2. Let c be i(y). Calculate the highest common factor of t and c.
12
Let n(s) = 8*s - 3 - 2*s + 4*s**2 + 8*s**2 - 11*s**2. Let j be n(-8). Let b = j - 0. What is the greatest common factor of 78 and b?
13
Let r = 1 + -6. Let w(a) = a**3 + 4*a**2 - 6*a - 1. Let j be w(r). Let p = 5993 - 5989. Calculate the highest common divisor of j and p.
4
Let r(o) = -13*o + 3. Let u be r(-2). Let v(n) = 7*n**2 - 7*n + 5. Let k be v(5). Calculate the greatest common divisor of k and u.
29
Suppose -4*b + 20 = 0, -3*h - 2*h - 2*b = -120. Let c(q) = 2*q**2 + 2*q + 4. Let p be c(6). What is the greatest common divisor of h and p?
22
Suppose 0 = -3*g + 25*g + 264. Let i(h) = -9 + 2*h**2 + 9*h - 3*h**2 + h**3 + 14*h**2. Let w be i(g). Calculate the highest common divisor of 108 and w.
27
Let x be 10/(-70)*(-91)/2*30. Let c be 14 + -1 + 4/2. Calculate the greatest common divisor of c and x.
15
Suppose 0*l - 3*l = -27. Let t(x) = -6 + x**3 - 8*x + l*x**2 - 3*x**2 + 0*x**2. Let z be t(-7). What is the greatest common factor of 1 and z?
1
Let q(d) = -47*d - 188. Let y be q(-16). Calculate the highest common divisor of y and 12.
12
Suppose 0 = -7*h + 3*h - 180. Let l = h + 51. What is the greatest common divisor of l and 6?
6
Let t = -1177 - -1211. What is the highest common divisor of t and 10?
2
Let k(n) = -5*n**2 + 27*n + 15. Let s(l) = 4*l**2 - 28*l - 15. Let y(q) = -2*k(q) - 3*s(q). Let v be y(14). Calculate the highest common divisor of 43 and v.
43
Let b(d) = -47*d - 26. Let z be b(-4). Let c = 31 - 13. What is the greatest common divisor of c and z?
18
Suppose -27*c + 476 = -10*c. Calculate the highest common factor of 812 and c.
28
Let h(k) = -k**3 + 20*k**2 + 14*k - 26. Let j be h(20). Suppose -z - 4*s = -38 - 30, 2*s = -3*z + j. What is the highest common factor of 22 and z?
22
Let f be 2 + 66 - (-2 + 4)/2. What is the greatest common divisor of f and 469?
67
Suppose -12*h - i + 41 = -10*h, 4*i - 74 = -3*h. Calculate the highest common factor of 60 and h.
6
Suppose 4*g = 5*q - 192, 5*q + 4*g - 214 = -46. Calculate the greatest common factor of q and 516.
12
Suppose -10*p - 432 = -4632. Calculate the greatest common divisor of 240 and p.
60
Let l be (-3)/(-2) - 3829/(-14). Let s(z) = 5*z - 5. Let g be s(6). What is the greatest common factor of g and l?
25
Let s = -5 + 17. Suppose -16 = 4*p, 3*o = 5*p + 12 + 17. Suppose -v - 2*v = o*f - 30, -3*f = -s. What is the greatest common factor of 4 and v?
2
Let d = 333 - 205. Suppose 2*y = 6*y - d. Calculate the greatest common divisor of 80 and y.
16
Let z = 17 - 12. Let r(p) = p**2 + 2*p + 5. Let j(q) = 2*q - 1. Let v be j(3). Let w be r(v). What is the greatest common divisor of w and z?
5
Suppose 0 = 2*s + 2*s + 3*l - 147, 2*s - 4*l = 46. What is the greatest common factor of s and 33?
33
Let a(f) = -f**3 - 3*f - 3. Let t be a(-2). Suppose 162*m - 253 = 100*m - 191*m. Calculate the highest common factor of t and m.
1
Let c = 368 + -153. Suppose -4*i = i - c. Calculate the highest common factor of i and 344.
43
Suppose 3*i = -33 + 30, -2*c - 5*i = -659. Calculate the highest common divisor of 16 and c.
4
Let f = 45 + -42. Suppose 2*p - 2*q = -0*p + 4, 34 = 5*p + q. What is the highest common divisor of f and p?
3
Suppose -2*k = -8*k + 36. Suppose -5*n + k = -w, -7*n + 101 = 4*w - 2*n. What is the greatest common factor of w and 209?
19
Suppose 2*n - 7 + 1 = 0. Let r be (45 - 18)*8/6. Suppose -3*d + r = 4*l, -l = -2*d - 0*d - 9. Calculate the highest common factor of n and l.
3
Let d = 999 + -831. What is the greatest common divisor of d and 24?
24
Suppose 4*i + 96 = u, 5*i = u + 2*u - 316. Let c = u + -22. Calculate the highest common divisor of c and 10.
10
Let q(i) = i**3 - 3*i**2 - 1. Let p be q(3). Let a be 3/(-6)*(1 + p). Suppose -x + 1 + 6 = a. What is the highest common divisor of 1 and x?
1
Let l(b) = 14 + 14*b + 38 - 17 + b**2. Let k be l(-12). Calculate the greatest common divisor of 88 and k.
11
Let m(w) = -w - 9. Let c be m(-6). Let u be c/(-4) + (-90)/(-40). Suppose 4*k + 70 = y + y, -y + 40 = -u*k. What is the highest common factor of 100 and y?
25
Let q(o) = 2*o**3 - 12*o**2 + 47*o + 4. Let z be q(6). Calculate the highest common divisor of 182 and z.
26
Let s(q) = q - 3. Let y(f) = -2*f + 5. Let m(c) = -5*s(c) - 3*y(c). Suppose 0 = 6*h - 2*h - 40. Let i be m(h). Calculate the greatest common factor of 80 and i.
10